{"id":8,"date":"2024-02-20T21:41:43","date_gmt":"2024-02-20T20:41:43","guid":{"rendered":"https:\/\/monmomentdouceur.fr\/?page_id=8"},"modified":"2025-01-26T19:21:17","modified_gmt":"2025-01-26T18:21:17","slug":"me-contacter","status":"publish","type":"page","link":"https:\/\/monmomentdouceur.fr\/?page_id=8","title":{"rendered":"Me contacter"},"content":{"rendered":"\t\t<div data-elementor-type=\"wp-page\" data-elementor-id=\"8\" class=\"elementor elementor-8\">\n\t\t\t\t<div class=\"elementor-element elementor-element-860bb23 e-flex e-con-boxed e-con e-parent\" data-id=\"860bb23\" data-element_type=\"container\">\n\t\t\t\t\t<div class=\"e-con-inner\">\n\t\t\t\t<div class=\"elementor-element elementor-element-c748bb2 elementor-widget elementor-widget-text-editor\" data-id=\"c748bb2\" data-element_type=\"widget\" data-widget_type=\"text-editor.default\">\n\t\t\t\t<div class=\"elementor-widget-container\">\n\t\t\t\t\t\t\t\t\t<p>Je suis situ\u00e9e sur la commune de Saint-Geni\u00e8s, entre Sarlat-la-Can\u00e9da et Montignac, je vous re\u00e7ois sur rendez-vous uniquement. Seuls les paiements en esp\u00e8ces ou carte de cr\u00e9dit sont accept\u00e9s.\u00a0<\/p><p>Vous \u00eates une entreprise ou un \u00e9tablissement public, n&rsquo;h\u00e9sitez pas \u00e0 me contacter pour mes services dans vos locaux.\u00a0<\/p><p>Vous pouvez me joindre :<\/p>\t\t\t\t\t\t\t\t<\/div>\n\t\t\t\t<\/div>\n\t\t\t\t\t<\/div>\n\t\t\t\t<\/div>\n\t\t<div class=\"elementor-element elementor-element-229b706 e-flex e-con-boxed e-con e-parent\" data-id=\"229b706\" data-element_type=\"container\">\n\t\t\t\t\t<div class=\"e-con-inner\">\n\t\t\t\t<div class=\"elementor-element elementor-element-697f8c7 elementor-widget elementor-widget-text-editor\" data-id=\"697f8c7\" data-element_type=\"widget\" data-widget_type=\"text-editor.default\">\n\t\t\t\t<div class=\"elementor-widget-container\">\n\t\t\t\t\t\t\t\t\t<p style=\"text-align: center;\">Par t\u00e9l\u00e9phone: 06.14.45.62.79<\/p><p style=\"text-align: center;\">Par mail: virginia@monmomentdouceur.fr<\/p>\t\t\t\t\t\t\t\t<\/div>\n\t\t\t\t<\/div>\n\t\t\t\t\t<\/div>\n\t\t\t\t<\/div>\n\t\t\t\t<\/div>\n\t\t","protected":false},"excerpt":{"rendered":"<p>Je suis situ\u00e9e sur la commune de Saint-Geni\u00e8s, entre Sarlat-la-Can\u00e9da et Montignac, je vous re\u00e7ois sur rendez-vous uniquement. Seuls les paiements en esp\u00e8ces ou carte de cr\u00e9dit sont accept\u00e9s.\u00a0 Vous \u00eates une entreprise ou un \u00e9tablissement public, n&rsquo;h\u00e9sitez pas \u00e0 me contacter pour mes services dans vos locaux.\u00a0 Vous pouvez me joindre : Par t\u00e9l\u00e9phone:&hellip;&nbsp;<a href=\"https:\/\/monmomentdouceur.fr\/?page_id=8\" rel=\"bookmark\">Lire la suite &raquo;<span class=\"screen-reader-text\">Me contacter<\/span><\/a><\/p>\n","protected":false},"author":1,"featured_media":0,"parent":0,"menu_order":0,"comment_status":"closed","ping_status":"closed","template":"","meta":{"_monsterinsights_skip_tracking":false,"_monsterinsights_sitenote_active":false,"_monsterinsights_sitenote_note":"","_monsterinsights_sitenote_category":0,"neve_meta_sidebar":"","neve_meta_container":"","neve_meta_enable_content_width":"on","neve_meta_content_width":100,"neve_meta_title_alignment":"","neve_meta_author_avatar":"","neve_post_elements_order":"","neve_meta_disable_header":"","neve_meta_disable_footer":"","neve_meta_disable_title":"on","footnotes":""},"class_list":["post-8","page","type-page","status-publish","hentry"],"aioseo_notices":[],"_links":{"self":[{"href":"https:\/\/monmomentdouceur.fr\/index.php?rest_route=\/wp\/v2\/pages\/8","targetHints":{"allow":["GET"]}}],"collection":[{"href":"https:\/\/monmomentdouceur.fr\/index.php?rest_route=\/wp\/v2\/pages"}],"about":[{"href":"https:\/\/monmomentdouceur.fr\/index.php?rest_route=\/wp\/v2\/types\/page"}],"author":[{"embeddable":true,"href":"https:\/\/monmomentdouceur.fr\/index.php?rest_route=\/wp\/v2\/users\/1"}],"replies":[{"embeddable":true,"href":"https:\/\/monmomentdouceur.fr\/index.php?rest_route=%2Fwp%2Fv2%2Fcomments&post=8"}],"version-history":[{"count":6,"href":"https:\/\/monmomentdouceur.fr\/index.php?rest_route=\/wp\/v2\/pages\/8\/revisions"}],"predecessor-version":[{"id":411,"href":"https:\/\/monmomentdouceur.fr\/index.php?rest_route=\/wp\/v2\/pages\/8\/revisions\/411"}],"wp:attachment":[{"href":"https:\/\/monmomentdouceur.fr\/index.php?rest_route=%2Fwp%2Fv2%2Fmedia&parent=8"}],"curies":[{"name":"wp","href":"https:\/\/api.w.org\/{rel}","templated":true}]}}